{"id":2,"date":"2018-06-26T09:49:33","date_gmt":"2018-06-26T07:49:33","guid":{"rendered":"https:\/\/www.watergisweb.ch\/WGW\/?page_id=2"},"modified":"2022-04-27T08:46:24","modified_gmt":"2022-04-27T06:46:24","slug":"page-d-exemple","status":"publish","type":"page","link":"https:\/\/www.watergisweb.ch\/WGW\/","title":{"rendered":"Wir \u00fcber uns"},"content":{"rendered":"<div class=\"texteTop1\">\n<p>Unser Kerngesch\u00e4ft sind Beratungs- und Projektdienstleistungen f\u00fcr ein breites thematisches Spektrum, prim\u00e4r aber in den Bereichen Wasser, Natur, Umwelt und Raumplanung.<\/p>\n<p>Als interdisziplin\u00e4res Team entwickeln wir anwenderspezifischer Software\u00a0 f\u00fcr ein breites Kundenspektrum. Unter Nutzung modernster Technologien konzipieren und entwickeln wir Desktop Systeme, vor allem aber Web- und WebGIS-Applikationen. Wir realisieren und\u00a0 betreiben WebGIS-Applikation zur Datenerfassung im Feld, ebenso wie Informationssysteme unter Nutzung relationaler Datenbanksysteme. Hierbei werden vielfach umfangreiche Datenbest\u00e4nde erfasst, nachgef\u00fchrt und von einem System in ein anderes \u00fcberf\u00fchrt. Als GIS-Software werden neben OpenSource Systemen auch Produkten der Firma ESRI eingesetzt.<\/p>\n<p>Weitere T\u00e4tigkeitsfelder sind die fachliche Projektbegleitung (Konzepte, Pflichtenhefte, Detailspezifikationen) sowie die Entwicklung, Wartung, Betrieb und Hosting von Web-Applikationen. Auch die Durchf\u00fchrung von Schulungen geh\u00f6rt zu unserem Dienstleistungsspektrum.<\/p>\n<\/div>\n<div class=\"firma\">Firma<\/div>\n<table border=\"0\" cellspacing=\"1\" cellpadding=\"1\" align=\"left\">\n<tbody>\n<tr>\n<td><b>Adresse<\/b><\/td>\n<td>Donnerb\u00fchlweg 41<br \/>\nCH &#8211; 3012 Bern<br \/>\nTel. 031 305 18 11<br \/>\nFax 031 305 18 14<\/td>\n<\/tr>\n<tr>\n<td><b>Gr\u00fcndung<\/b><\/td>\n<td>1.9.1995 als WASY AG<br \/>\n1999 \u00dcbernahme aller Anteile und Umfirmierung in WaterGisWeb AG<\/td>\n<\/tr>\n<tr>\n<td><b>Gesch\u00e4ftsf\u00fchrer<\/b><\/td>\n<td>Dr. Udo Schr\u00f6der<\/td>\n<\/tr>\n<tr>\n<td><b>Philosophie<\/b><\/td>\n<td>Langfristiger kontinuierlicher Erfolg durch qualitativ hochwertige und kundenorientierte Dienstleistungen \/ Produkte.<\/td>\n<\/tr>\n<tr>\n<td><b>Erfahrungen<\/b><\/td>\n<td>Seit 1995 auf dem Schweizer Markt t\u00e4tig. Realisierung zahlreicher Projekte (Consulting, Applikationsentwicklung, Datenmanagement, Schulung) f\u00fcr \u00f6ffentliche und private<br \/>\nInstitutionen in den Kantonen Bern, Basel, Solothurn, Aargau, Z\u00fcrich, Graub\u00fcnden, Luzern, Neuenburg, Waadt und Genf.<\/td>\n<\/tr>\n<tr>\n<td><b>Weiterentwicklung<\/b><\/td>\n<td>Permanenter Ausbau des Know-hows der Mitarbeiter durch Integration technisch wissenschaftlicher Forschungsergebnisse f\u00fcr die Projektarbeiten.<\/td>\n<\/tr>\n<tr>\n<td><b>Zukunftsvisionen<\/b><\/td>\n<td>Verfeinerung und Optimierung modularer Konzepte und deren Umsetzung in den Bereichen Softwareentwicklung und Projektbearbeitung. Softwaregest\u00fctztes Erstellen von Dokumentationen.<\/td>\n<\/tr>\n<tr>\n<td><b>Soziale Verantwortung<\/b><\/td>\n<td>Wir nehmen unsere soziale Verantwortung ernst und unterst\u00fctzen gemeinn\u00fctzige Zwecke. Bis 2006 unterst\u00fctzen wir finanziell ein Schulbusprojekt des Freien Gymnasiums Bern. Seit 2008 haben wir eine Tierpatenschaft f\u00fcr eine PHYTON im Tierpark D\u00e4hlh\u00f6lzli \u00fcbernommen.<\/td>\n<\/tr>\n<\/tbody>\n<\/table>\n","protected":false},"excerpt":{"rendered":"<p>Unser Kerngesch\u00e4ft sind Beratungs- und Projektdienstleistungen f\u00fcr ein breites thematisches Spektrum, prim\u00e4r aber in den Bereichen Wasser, Natur, Umwelt und Raumplanung. Als interdisziplin\u00e4res Team entwickeln wir anwenderspezifischer Software\u00a0 f\u00fcr ein&hellip; <a class=\"read-more-link\" href=\"https:\/\/www.watergisweb.ch\/WGW\/\">Mehr lesen<\/a><\/p>\n","protected":false},"author":1,"featured_media":0,"parent":0,"menu_order":0,"comment_status":"closed","ping_status":"open","template":"","meta":{"site-sidebar-layout":"default","site-content-layout":"default","ast-site-content-layout":"default","site-content-style":"default","site-sidebar-style":"default","ast-global-header-display":"","ast-banner-title-visibility":"","ast-main-header-display":"","ast-hfb-above-header-display":"","ast-hfb-below-header-display":"","ast-hfb-mobile-header-display":"","site-post-title":"","ast-breadcrumbs-content":"","ast-featured-img":"","footer-sml-layout":"","ast-disable-related-posts":"","theme-transparent-header-meta":"","adv-header-id-meta":"","stick-header-meta":"","header-above-stick-meta":"","header-main-stick-meta":"","header-below-stick-meta":"","astra-migrate-meta-layouts":"default","ast-page-background-enabled":"default","ast-page-background-meta":{"desktop":{"background-color":"","background-image":"","background-repeat":"repeat","background-position":"center center","background-size":"auto","background-attachment":"scroll","background-type":"","background-media":"","overlay-type":"","overlay-color":"","overlay-opacity":"","overlay-gradient":""},"tablet":{"background-color":"","background-image":"","background-repeat":"repeat","background-position":"center center","background-size":"auto","background-attachment":"scroll","background-type":"","background-media":"","overlay-type":"","overlay-color":"","overlay-opacity":"","overlay-gradient":""},"mobile":{"background-color":"","background-image":"","background-repeat":"repeat","background-position":"center center","background-size":"auto","background-attachment":"scroll","background-type":"","background-media":"","overlay-type":"","overlay-color":"","overlay-opacity":"","overlay-gradient":""}},"ast-content-background-meta":{"desktop":{"background-color":"var(--ast-global-color-5)","background-image":"","background-repeat":"repeat","background-position":"center center","background-size":"auto","background-attachment":"scroll","background-type":"","background-media":"","overlay-type":"","overlay-color":"","overlay-opacity":"","overlay-gradient":""},"tablet":{"background-color":"var(--ast-global-color-5)","background-image":"","background-repeat":"repeat","background-position":"center center","background-size":"auto","background-attachment":"scroll","background-type":"","background-media":"","overlay-type":"","overlay-color":"","overlay-opacity":"","overlay-gradient":""},"mobile":{"background-color":"var(--ast-global-color-5)","background-image":"","background-repeat":"repeat","background-position":"center center","background-size":"auto","background-attachment":"scroll","background-type":"","background-media":"","overlay-type":"","overlay-color":"","overlay-opacity":"","overlay-gradient":""}}},"_links":{"self":[{"href":"https:\/\/www.watergisweb.ch\/WGW\/index.php?rest_route=\/wp\/v2\/pages\/2"}],"collection":[{"href":"https:\/\/www.watergisweb.ch\/WGW\/index.php?rest_route=\/wp\/v2\/pages"}],"about":[{"href":"https:\/\/www.watergisweb.ch\/WGW\/index.php?rest_route=\/wp\/v2\/types\/page"}],"author":[{"embeddable":true,"href":"https:\/\/www.watergisweb.ch\/WGW\/index.php?rest_route=\/wp\/v2\/users\/1"}],"replies":[{"embeddable":true,"href":"https:\/\/www.watergisweb.ch\/WGW\/index.php?rest_route=%2Fwp%2Fv2%2Fcomments&post=2"}],"version-history":[{"count":9,"href":"https:\/\/www.watergisweb.ch\/WGW\/index.php?rest_route=\/wp\/v2\/pages\/2\/revisions"}],"predecessor-version":[{"id":416,"href":"https:\/\/www.watergisweb.ch\/WGW\/index.php?rest_route=\/wp\/v2\/pages\/2\/revisions\/416"}],"wp:attachment":[{"href":"https:\/\/www.watergisweb.ch\/WGW\/index.php?rest_route=%2Fwp%2Fv2%2Fmedia&parent=2"}],"curies":[{"name":"wp","href":"https:\/\/api.w.org\/{rel}","templated":true}]}}